e tens digit of k?
3
Suppose -10 = -5*w - 0*w - 5*t, -6 = -3*w + 5*t. Suppose -w*j = -s - 73, 2*s + 13 = 3*j - 96. What is the units digit of j?
7
Let a be (-6)/(-27) + 1564/9. Suppose -5*m = -3*m - a. What is the tens digit of m?
8
Suppose -3*h = -2*x - 51, h + 0*x = x + 17. What is the units digit of h - (3 - 0) - 2?
2
Let u be (9/4)/((-6)/(-16)). Let j(q) = 3*q - u*q - 3 - q. What is the tens digit of j(-9)?
3
Let y = -1264 + 3738. What is the units digit of y?
4
Let j be 6/(-8) + 417/(-4). Let i = 105 - j. Suppose 5*o - i = 4*g, -o + 4*g - 84 = -3*o. What is the units digit of o?
2
Let o(k) = -k + 8. Let c be o(4). Suppose 0 = f - 0*f - 4*s - 30, s - c = 0. What is the units digit of f?
6
Let b(d) = -d**3 + 3*d**2 - 14*d - 12. What is the tens digit of b(-6)?
9
Let f be 3/(-12) + (-42)/(-8). Suppose -1 = f*l - 11. Suppose -2*h + 212 = l*h. What is the tens digit of h?
5
Let d be ((-14)/4 + 3)*228. Let b be d/2 - (-2 + 0). Let y = 87 + b. What is the tens digit of y?
3
Suppose -6*q + 7*q = 2. Suppose -q*h + 3*b - 10 + 4 = 0, 3*b - 12 = 0. Suppose -52 = -2*p - 4*u, 3*p + h*u - 63 = -0*p. What is the tens digit of p?
1
Suppose -y = -3*r - 523, y - 2*r = -7*r + 499. What is the tens digit of y*(-4)/(-8) + -2?
5
Let k(u) = -3*u - 1. Let i(c) = -c + 1. Let d(x) = 10*i(x) - 2*k(x). What is the tens digit of d(-9)?
4
Suppose 2*l + 16 = 4*c, 24 = 4*c + 2*l - 0*l. Suppose 992 = c*z - 3*d + 6*d, -999 = -5*z + 4*d. What is the tens digit of z?
9
Let f(w) = 13*w + 63. Let q be f(14). Suppose 4*u - 3*x - 437 = q, 508 = 3*u - 4*x. What is the tens digit of u?
7
Let v be (-12)/(-90) + 476/30. Let w be v/(-4)*1 + 4. Suppose 0 = -w*a - 3*a + 105. What is the tens digit of a?
3
Suppose -z = 3*i - 2021, -6*z + 2694 = 4*i - 5*z. What is the units digit of i?
3
Let p(k) = 26*k + 13. Let m be p(6). Let z be 18*-2*(-16)/(-6). Let f = m + z. What is the units digit of f?
3
Suppose 4*k = 2*k + 4. Let g(f) = k - 1 + 0 - 2*f. What is the units digit of g(0)?
1
Let s be ((-16)/(-12))/(8/288). What is the tens digit of (s/18)/(-8)*-939?
1
Let x be 0*(-3 + 7/2). Suppose -5*m = 5*d, x = 5*m - 2*d - 14 - 7. Suppose m = 2*s - 17. What is the tens digit of s?
1
Suppose -5*d + 27 = 47. Let v be d + 2 - (-5)/1. Suppose -v*a - 33 = -4*a. What is the tens digit of a?
3
Suppose 0 = 4*m + 5*g - 1, -3*m - 5*g + 3 = 6. Let b = 45 + -42. Suppose 0 = -m*o + 253 + b. What is the tens digit of o?
6
Let d = 4 + 38. Let z = d - -1. What is the units digit of z?
3
Suppose -243*n + 241*n = -246. What is the units digit of n?
3
Let w be (28 - 23) + -57*3. Let z = w - -381. What is the tens digit of z?
1
Let t(k) = -k**3 + 15*k**2 - 15*k + 17. Let j be t(14). Suppose j*n - 16 = n. What is the units digit of n?
8
Let r(z) = -11*z**3 - z**2 - z. Let i be r(-1). What is the units digit of i - 7 - -2*14?
2
Let u be (3/((-36)/224))/(12/(-18)). Let t = 6 + -14. Let r = u + t. What is the units digit of r?
0
Let g(o) = -o**2 - 5. Let c be g(0). Let v(j) = j**2 - 2*j + 6. Let z be v(c). Suppose 0 = -3*w + z + 37. What is the units digit of w?
6
Let y be (2/5)/(-3 - (-217)/70). Suppose y*a = -l + 35, 4*l = 8*l + 4*a - 176. What is the units digit of l?
7
Suppose 4*h + h = 20. Suppose 2*t = 2, n - h*t + 68 = -t. What is the units digit of 1/(3 - n/(-22))?
2
Let f = -7 - -4. Let r = f + 9. What is the tens digit of (r/4)/((-1)/(-18))?
2
Suppose -2*y + 1 = q - 1, 5*y = -5. Let z be 2 + (2/(-4) - 272/(-32)). Suppose n = z + q. What is the units digit of n?
4
Let t(h) = -47*h - 83. What is the hundreds digit of t(-10)?
3
Let x = -600 - -968. What is the hundreds digit of x?
3
Suppose 2*f - 4*i - 3 = 1, i = -3*f + 13. Suppose -10*n = -f*n - 6. Suppose 0 = -k + n, -5*y - 4*k + 213 = 34. What is the tens digit of y?
3
Let v = 152 - 122. What is the units digit of v/24*(0 + 214 + -2)?
5
Let r be (57/(-3) - -3)/1. Let n be (r/(-2))/(2/(-3)). Let i = n + 22. What is the units digit of i?
0
Let f = -70 + 32. Let i = f + 18. What is the units digit of (i/(-6) + -2)*21?
8
Let s(o) be the third derivative of -o**6/120 + o**5/6 - o**4/8 + 2*o**3 + 12*o**2. What is the tens digit of s(9)?
6
Suppose 2*n - 4*q + 36 = -0, -4 = 3*n + 4*q. Let h(x) be the second derivative of -x**4/12 - 7*x**3/3 - 5*x**2/2 - 5*x. What is the tens digit of h(n)?
4
Let b(w) = -2*w**3 - 5*w**2 + 51*w - 6. What is the tens digit of b(-10)?
8
Let w = -281 - -465. Let a be -1 - w/12*-3. Let v = -26 + a. What is the units digit of v?
9
Suppose -6*o + 2*o = -3*j - 8, o = -5*j + 2. Suppose j*z - 2*y = -z + 26, 5*y = 2*z - 55. What is the units digit of z?
0
Suppose -4*k = 4*h - 880, -h - 2*k + 205 = -4*k. What is the hundreds digit of h?
2
Let z be ((-4)/(-6))/((-8)/252). What is the hundreds digit of ((-1 + z)/2)/(1/(-14))?
1
Let v(f) = -9*f + 65. Let i(q) = -4*q + 51. Let z be i(11). What is the units digit of v(z)?
2
Let x = -24 + 64. Suppose -12*n - x = -13*n. What is the tens digit of n?
4
Let x(h) = -h**2 + 15*h + 11. Let b(f) = 2*f**2 - 31*f - 23. Let v(c) = 2*b(c) + 5*x(c). What is the units digit of v(13)?
9
Let r(m) = 39*m**2 + m. Let w be r(-1). Suppose 3*t = 37 + w. What is the tens digit of t?
2
Let t(i) = 3*i. Let d(b) = 10*b. Let g(r) = -5*d(r) + 16*t(r). Let h be g(-5). Let w(y) = y**3 - 11*y**2 + 13*y - 13. What is the units digit of w(h)?
7
Let z(n) = -n**3 + 7*n**2 - 2*n - 4. Suppose 8 - 1 = i. Let w be z(i). What is the units digit of w/(-24) + 10/8?
2
Let t(j) = 3*j - 15. Let b = 49 + -35. What is the units digit of t(b)?
7
Let q = 227 + -87. What is the units digit of q?
0
Suppose -5*l = l + 12. What is the tens digit of l/1*(-106)/4?
5
Let o(r) be the third derivative of r**6/120 - r**5/30 - r**4/8 - 5*r**3/6 + r**2. Suppose 32 = -4*n + 12*n. What is the units digit of o(n)?
5
Suppose 6756 = 4*b - 5844. What is the hundreds digit of b?
1
Suppose 9*s = 7*s + 2, 0 = y - 3*s - 412. What is the tens digit of y?
1
What is the tens digit of (-16)/40*5 + 1411?
0
Let p be 2/7 - (-66)/14. Let l = 100 + -96. Suppose l*r = p*i - 148, 0*i = 4*i - 2*r - 122. What is the units digit of i?
2
Suppose 10 = 3*o + 2*o. Let m(l) = l**o + 0*l + 3 - 2 - 7*l + 2*l. What is the units digit of m(-4)?
7
Let k(y) = y**2 - 11*y + 1. Let w = -9 + 20. Let b be k(w). Let v = b + 37. What is the tens digit of v?
3
Let w be 1*11/2*2. Let f = -348 - -359. What is the tens digit of (-2)/w + 222/f?
2
Let c = 2614 - 1062. What is the units digit of c?
2
Suppose 0 = -5*o + 4*m, 2*o = -0*o - m. Suppose 2*d + r + 4*r - 135 = o, -283 = -4*d + 3*r. What is the units digit of d?
0
Suppose 185 = 2*c + 3*c. Suppose -5*s = 12 - c. Suppose 123 = 5*x + 4*a, -a + 107 = s*x - 5*a. What is the tens digit of x?
2
Let n(p) = p**3 - 4*p**2 - 4*p + 5. Let y be n(4). Let l = y - -14. What is the units digit of (-6 + l)/((-6)/10)?
5
Suppose 2*t + 36 = 3*v - t, -5*v + 46 = 2*t. Let g(h) be the third derivative of -h**5/60 + h**4/2 - 4*h**3/3 - 24*h**2. What is the tens digit of g(v)?
1
Let h(i) = 2*i**2 + 3*i - 3*i**3 + 4*i**3 + 3*i**2 + 1 + 0*i**2. Let g be h(-4). What is the units digit of (4/g)/(24/60)?
2
Suppose 4*y - 5*y - 89 = 0. Let t = y - -176. What is the units digit of t?
7
Let p = -3 + 146. What is the hundreds digit of p?
1
Let u(b) = 42*b**2 + 2*b - 2. Let c be u(-2). Suppose -c - 163 = -5*a. What is the units digit of a?
5
Suppose 0 = g - 15 - 10. Suppose 0 = 4*j - 5*j + 2*z + 14, z - 125 = -5*j. Suppose g*a - j*a - 56 = 0. What is the tens digit of a?
5
Suppose -k + 12 - 3 = -f, 0 = 4*f. Suppose -k*q = -5*q - 28. Suppose 69 = q*p - 141. What is the tens digit of p?
3
Suppose 17*z - 3450 = 11*z. What is the tens digit of z?
7
What is the units digit of -8*(-21)/6*11?
8
Let t(y) = y. Let z be t(-2). Let h be ((-9)/(-15))/(z/(-10)). Suppose h*j + 0*j = 69. What is the tens digit of j?
2
Let l(o) = 2*o + 67. Let z be l(-32). Suppose 2*h = -4*p + 746, p = -p + z*h + 377. What is the hundreds digit of p?
1
Let m(h) = -h**2 - 3*h + 5. Let t be m(-4). Suppose i + 5*w + 0 + t = 0, 3*i + w = -45. Let s = i - -37. What is the units digit of s?
1
What is the thousands digit of 1/2*(-85 + 2093)?
1
Suppose -4*c + 2372 = 4*s, -4*c = 5*s - 7*c - 2989. What is the units digit of s?
6
Let z = 134 - -12. Let c = z + -40. What is the tens digit of c?
0
Let q = -2 - -4. Let k(f) = 